 of -1/12*w**4 - 19*w + 0 - 4/3*w**3 - 5*w**2. Give n(i).
-3
Suppose 5*d = d + 56. Let u = 9 - d. Let b(q) = 9*q**2 + q + 1. Let w(h) = -55*h**2 - 12*h - 4. Let z(l) = -6*b(l) - w(l). What is z(u)?
-7
Let n = 3 + 5. Let c(a) = 2*a**2 + 52*a + 1. Let q(t) = 5*t**2 + 164*t + 12. Let l(p) = -3*c(p) + q(p). Calculate l(n).
9
Let d(a) = a - 2. Let m(x) = -x**3 - 3*x**2 + 2*x - 16. Let s = -143 + 139. Let b be m(s). What is d(b)?
-10
Let k(h) = -20*h + 140. Suppose 11*c - 3*c - 56 = 0. Let m be k(c). Let z(i) = i - 23. Calculate z(m).
-23
Let a(j) = -j**2 - 16*j + 21. Let n(h) = -2*h**2 - 35*h + 44. Let m(l) = 11*a(l) - 5*n(l). Determine m(4).
-9
Let n(p) = 2 - 2*p + p**3 + 1 + p**2 - 2*p**2. Let l = -622 - -628. Suppose -3*v + 4*v - l = -h, -h - 2*v + 9 = 0. Determine n(h).
15
Suppose -16 = -r + 2. Suppose r = -120*n + 118*n. Let v(m) = -m**2 - 13*m - 9. What is v(n)?
27
Suppose -q - 479 = -7*p + 11*p, 348 = -3*p + 3*q. Let z = 118 + p. Let r(m) = -m**2 + m + 1. Determine r(z).
-1
Suppose 3*f - 40 = 378*h - 383*h, 0 = 5*h - 2*f - 40. Let j(b) = -b**2 + 9*b + 5. Let k(q) = -3*q**2 + 26*q + 16. Let l(w) = 8*j(w) - 3*k(w). Calculate l(h).
8
Let m(u) = 2454*u - 4 - 4 - 1222*u - 1221*u. Give m(-4).
-52
Let o = -22 - -25. Suppose -o*w = 5*u - 10, -5*w - 4*u + 10 = u. Let b(l) = l**3 - 2*l. Let z be b(w). Let g(h) = -h**3 - h**2 - 12. Calculate g(z).
-12
Let q(c) be the first derivative of 5*c + 4*c + 6 + 0 - 10*c + 11*c**2. Let v = -1 - -2. Calculate q(v).
21
Let z(w) = 10*w**3 - 17*w**2 - 25*w - 7. Let v be z(-1). Let o(n) = 25*n + 224. What is o(v)?
-1
Let v(y) = 4*y - 16. Let k = 848 - 849. Let c = 2 + 4. Let i(g) = g - 1. Let j(t) = c*i(t) + k*v(t). What is j(-8)?
-6
Let r(n) = -3*n. Let d be r(1). Suppose -113*t = -126*t + 78. Let y(a) = -4 + 1 - t*a + 34*a - 22*a. Determine y(d).
-21
Let k be (-1)/2 - (-154)/44. Let o(q) = -17*q**3 + 2*q**2 + 2 + 0 + 19*q**3 + 0*q - k*q. Determine o(-3).
-25
Let w = -49 - -53. Suppose -5*v - 44 + 4 = -5*f, 16 = -w*v. Suppose -f*l + 16 = 5*k, 2*l - 8 = k - 0*l. Let p(r) = -r - 14. Give p(k).
-14
Let h(j) be the first derivative of 1/12*j**4 - 1 + 35/2*j**2 + 0*j - 1/6*j**3. Let y(v) be the second derivative of h(v). What is y(4)?
7
Let f(q) = -4*q - 7. Let x(o) = o**2 - 7*o - 77. Let v be x(13). Let z(y) = -y + 1. Let p(s) = v*f(s) - 3*z(s). Give p(-11).
1
Suppose -2*x + 12 = -4*c - 6*x, -2*x - 6 = -c. Let a(u) = u**3 + u**2 + 53. Determine a(c).
53
Let c(s) be the first derivative of s**4/4 - s**3/3 - 3*s**2/2 - 4*s + 3022. Determine c(-3).
-31
Let a(u) = u**2 - 90*u - 11. Let d(m) = -m**2 + 71*m + 14. Let r(g) = 5*a(g) + 6*d(g). Determine r(-22).
73
Let q(x) be the second derivative of 10*x + 0 - 7/2*x**3 + 0*x**2 + 1/360*x**6 + 1/24*x**5 + 0*x**4. Let t(c) be the second derivative of q(c). What is t(-5)?
0
Let k be -6*(6/27)/((-148)/1665). Let q(g) = g**2 - 15*g - 27. Give q(k).
-27
Let n(d) = -3*d - 3 + 0 + 18 + d - 3. Let k be 93/15 - 2/10. Give n(k).
0
Let v(j) = -2*j**3 - 11*j**2 + 20*j - 3. Let u = -2880 + 2873. Calculate v(u).
4
Let s(i) = 9*i - 392. Let l be s(44). Let n(p) = -3*p**2 - 96*p + 4*p**2 - 96*p + l + 200*p. Suppose -3*z + 2*z - 6 = 0. Calculate n(z).
-8
Let q(i) = 3*i - 89. Let u(g) = 2*g + 16. Let s(k) = q(k) + 6*u(k). Give s(-7).
-98
Let x(r) = 2*r**3 + 27*r**2 + 28*r + 200. Let a be x(-13). Let h(y) be the second derivative of y**5/20 - y**4/3 - y**3 - 9*y. Determine h(a).
-5
Let w = -53 - -59. Suppose 0 = -3*b + w + 30. Let n(x) = -2*x + 11 - b - 4. Determine n(-5).
5
Let h(d) = -11*d + 67. Let a(v) = -3*v**2 + 15*v + 77. Let p be a(8). Determine h(p).
12
Let r(l) = -l**2 - 11*l + 14. Let v be r(-12). Let s(u) = -2*u - 37 - 7*u**v + 13 - u**3 + 10 + 7. Calculate s(-7).
7
Let g(w) be the first derivative of -10*w + w**2 + 22*w - 10 + 112 - 5*w. Calculate g(-2).
3
Let d(l) = l - 12*l + l - 48 + 8*l. Calculate d(-18).
-12
Let v(a) = -a**2 - a + 13. Let f be 0/3 + (1 - -2). Suppose 0 = -3*h - 363 + 369. Suppose 3*n - 4 = -4*s, f*n - h*s + 5 = 3*s. Give v(n).
13
Let x(n) = -298*n - 303*n - 301*n + 1208*n - 307*n - 14. Determine x(-25).
11
Let d(w) be the second derivative of w**4/6 + 5*w**3/6 + w**2 + 10*w. Suppose k = -2*h + 9, -14*k + h = -19*k - 9. Determine d(k).
5
Let a = -231 + 274. Let g(h) = -h**2 - 3 + a*h - 46*h + 4. What is g(-4)?
-3
Let h(s) = -s**3 + 5*s**2 - 3*s + 12. Suppose 46*g - 48*g = -10. Let w be h(g). Let v = w + 1. Let a(c) = -c**2 - c. What is a(v)?
-2
Let i be (-30)/9*-1 - 20/15. Let w(l) = 6*l**2 - l - 4. Calculate w(i).
18
Let m(l) be the second derivative of l**5/20 - l**4/6 - 2*l**3/3 - l**2/2 + 8*l. Let j be (4*-1)/((-13)/221). Let r = 71 - j. Calculate m(r).
-4
Let i(c) = c - 8. Let z be i(4). Let k be (-32)/((-4)/1) + z. Let q(m) = -k*m - 3*m**2 - 4*m**2 + 6*m**2 + 7. Give q(-6).
-5
Let c = 1170 + -1177. Let n(x) = -48*x - 331. Calculate n(c).
5
Suppose -4*o - 2*m - 18 = 0, -o + 14 - 32 = 5*m. Let u(j) = 1 - 6 - 22*j**2 + 6*j + 4 + 23*j**2. Calculate u(o).
-10
Let s(j) = 2*j - 3*j**2 + 3*j + 1 - 4. Let c(r) = -2*r**2 + 54*r + 3778. Let u be c(59). What is s(u)?
-5
Let h(s) = -4*s**3 + 4*s**2 - 3*s. Let g(w) = -194*w + 1942. Let c be g(10). Calculate h(c).
-22
Let n(d) = 10*d**2 + 132*d**3 + 132*d**3 + 134*d**3 + 132*d**3 + 10 - 529*d**3. Give n(-10).
10
Let q(h) = 11*h**2 + 193*h - 19. Let f(g) = 3*g**2 + 55*g - 6. Let z(a) = 7*f(a) - 2*q(a). Let y = 1 + -1. Give z(y).
-4
Let h(x) = -22 - 38*x**2 + 3*x**3 - 5503*x - 5467*x + 10959*x. What is h(13)?
4
Let g(f) be the third derivative of f**4/24 + 2*f**2 + 627*f. Determine g(4).
4
Let u(d) = -112 - 10*d - 126 - 102 + 330. Let a(j) = -12*j - 11. Suppose 4*y + 4*s = 32, 3*y - s - 12 = -0*y. Let l(w) = y*u(w) - 4*a(w). Give l(-4).
2
Let f(o) = 26*o + 287. Suppose -30366 = -18*t - 30564. Give f(t).
1
Let b(j) = -j. Let n be b(-4). Let r be n/(-10) + (-72)/20. Let z(m) = -134*m - 1. Let y(q) = 51*q + 1. Let c(t) = 8*y(t) + 3*z(t). What is c(r)?
-19
Let h(u) be the first derivative of -u**3 + 3*u**2/2 + 28*u + 4611. Give h(4).
-8
Let g(u) = u**3 - 2*u**2 - 4*u + 4. Let y = -69 + 73. Suppose 0 = y*l - 2*l - 10. Suppose l*r = 6*r - 3. What is g(r)?
1
Let i(z) = 2*z - 15 - 3*z - 3 + 6 - 16. Determine i(-13).
-15
Let q(u) = 2*u + 12. Suppose 8 + 49 = -r. Let k = r - -46. Determine q(k).
-10
Let g = -966 - -983. Let h(d) = d**2 - 15*d - 30. Calculate h(g).
4
Let r(h) = -5*h**2 - h. Let g(u) = -7*u**2 - 7*u - 3. Let t(f) = 21*f**2 + 20*f + 8. Let i(p) = 11*g(p) + 4*t(p). Let s(j) = 2*i(j) + 3*r(j). What is s(4)?
-6
Let h(g) = -g**2 - 2*g - 3. Let t = 147 - 165. Let w be 4 - (t/6)/(-3). Calculate h(w).
-18
Let g(d) = -423*d + 68 + 195*d + 226*d. Determine g(19).
30
Let p(b) = -b**3 - 9*b**2 - 8*b + 41. Suppose 407*k + 31 = 402*k + 4*z, 3*z + 17 = -2*k. What is p(k)?
-1
Suppose 7*c + 5 = -5*v + 3*c, -2*v = 4*c + 14. Suppose -4*i - 20 = -4*z, -v*z = -z + 4*i - 40. Let r(a) = -a**3 + 11*a**2 - 12*a + 5. Calculate r(z).
-15
Let u(j) = j + 16. Suppose -2*h = -1 - 267. Let t = h - 142. Calculate u(t).
8
Suppose 0 = 4*v + 5*c + 2 - 42, 2*v - c - 20 = 0. Suppose 59 = v*t - 11. Let o(a) = 2*a**2 - 10*a. Calculate o(t).
28
Let g(m) = 80*m - 393. Suppose -77*k - 93*k = -175*k + 25. Give g(k).
7
Let t = -1338 + 1334. Let y(o) = -o**2 + o + 14. What is y(t)?
-6
Let x(a) = a**2 - 13*a + 42. Let t be x(8). Suppose -t*b - 4*u = -14, b - 2*u - 2 + 7 = 0. Let i(r) = -2*r**2 - 2*r + 3. Determine i(b).
-1
Let n(k) be the second derivative of k**3/3 + 22*k**2 + 53*k + 7. Give n(21).
86
Let j(s) = -627876*s + 39 + 7 + 627862*s. Determine j(4).
-10
Let s(c) = -5 - c**2 + 2*c + 2 - c**2 + c**3. Let i = 11428 - 11426. Calculate s(i).
1
Let y(k) = -10*k**3 + k**2 + 2*k + 1. Let h(d) = -11*d**3 + 33*d**2 + 2*d + 13. Let t(o) = h(o) - y(o). Determine t(32).
12
Suppose -n = 2*w - 157 + 170, 2*w = 4*n + 12. Let m(h) = -38*h - 189. What is m(n)?
1
Let i = 274 + -266. Let q(z) = -z**2 + 11*z + 11. Determine q(i).
35
Suppose 5*u - 811 = -3*g + 4*u, 3*u + 1333 = 5*g. Let w(b) = 138*b - 1 - g*b + 134*b. Calculate w(1).
2
Let y(q) be the first derivative of -9/4*q**4 - q**2 + q - 8 + 2/3*q**3. What is y(1)?
-8
Suppose -6*n + 6 = -4*n. Let h(l) = l**2 - 7*l + 0*l**3 + 2 - 4*l**2 + 12*l**2 - l**n. Let m be 9 + -4 + -1 + 8 + -4. What is h(m)?
10
Let v(b) be the 